{"id":3099,"date":"2025-07-10T13:01:03","date_gmt":"2025-07-10T17:01:03","guid":{"rendered":"https:\/\/transitionquebec.org\/wp-content\/uploads\/2025\/07\/Gabriele.jpg"},"modified":"2025-08-12T21:48:47","modified_gmt":"2025-08-13T01:48:47","slug":"gabriele-2","status":"inherit","type":"attachment","link":"https:\/\/transitionquebec.org\/en\/about\/gabriele-2\/","title":{"rendered":"Gabriele"},"author":3,"featured_media":0,"comment_status":"closed","ping_status":"closed","template":"","meta":{"_acf_changed":false},"class_list":["post-3099","attachment","type-attachment","status-inherit","hentry"],"acf":[],"yoast_head":"<!-- This site is optimized with the Yoast SEO plugin v27.5 - https:\/\/yoast.com\/product\/yoast-seo-wordpress\/ -->\n<title>Gabriele - Transiti\u00f4n<\/title>\n<meta name=\"robots\" content=\"index, follow, max-snippet:-1, max-image-preview:large, max-video-preview:-1\" \/>\n<link rel=\"canonical\" href=\"https:\/\/transitionquebec.org\/en\/about\/gabriele-2\/\" \/>\n<meta property=\"og:locale\" content=\"en_US\" \/>\n<meta property=\"og:type\" content=\"article\" \/>\n<meta property=\"og:title\" content=\"Gabriele - Transiti\u00f4n\" \/>\n<meta property=\"og:description\" content=\"Femme dans la vingraine souriante, avec chemise noire devant l&#039;arri\u00e8re plan de Transition\" \/>\n<meta property=\"og:url\" content=\"https:\/\/transitionquebec.org\/en\/about\/gabriele-2\/\" \/>\n<meta property=\"og:site_name\" content=\"Transiti\u00f4n\" \/>\n<meta property=\"article:modified_time\" content=\"2025-08-13T01:48:47+00:00\" \/>\n<meta property=\"og:image\" content=\"https:\/\/transitionquebec.org\/wp-content\/uploads\/2025\/07\/Gabriele.jpg\" \/>\n\t<meta property=\"og:image:width\" content=\"1545\" \/>\n\t<meta property=\"og:image:height\" content=\"2000\" \/>\n\t<meta property=\"og:image:type\" content=\"image\/jpeg\" \/>\n<meta name=\"twitter:card\" content=\"summary_large_image\" \/>\n<script type=\"application\/ld+json\" class=\"yoast-schema-graph\">{\"@context\":\"https:\\\/\\\/schema.org\",\"@graph\":[{\"@type\":\"WebPage\",\"@id\":\"https:\\\/\\\/transitionquebec.org\\\/en\\\/about\\\/gabriele-2\\\/\",\"url\":\"https:\\\/\\\/transitionquebec.org\\\/en\\\/about\\\/gabriele-2\\\/\",\"name\":\"Gabriele - Transiti\u00f4n\",\"isPartOf\":{\"@id\":\"https:\\\/\\\/transitionquebec.org\\\/en\\\/#website\"},\"datePublished\":\"2025-07-10T17:01:03+00:00\",\"dateModified\":\"2025-08-13T01:48:47+00:00\",\"breadcrumb\":{\"@id\":\"https:\\\/\\\/transitionquebec.org\\\/en\\\/about\\\/gabriele-2\\\/#breadcrumb\"},\"inLanguage\":\"en-CA\",\"potentialAction\":[{\"@type\":\"ReadAction\",\"target\":[\"https:\\\/\\\/transitionquebec.org\\\/en\\\/about\\\/gabriele-2\\\/\"]}]},{\"@type\":\"BreadcrumbList\",\"@id\":\"https:\\\/\\\/transitionquebec.org\\\/en\\\/about\\\/gabriele-2\\\/#breadcrumb\",\"itemListElement\":[{\"@type\":\"ListItem\",\"position\":1,\"name\":\"Home\",\"item\":\"https:\\\/\\\/transitionquebec.org\\\/en\\\/\"},{\"@type\":\"ListItem\",\"position\":2,\"name\":\"About\",\"item\":\"https:\\\/\\\/transitionquebec.org\\\/en\\\/about\\\/\"},{\"@type\":\"ListItem\",\"position\":3,\"name\":\"Gabriele\"}]},{\"@type\":\"WebSite\",\"@id\":\"https:\\\/\\\/transitionquebec.org\\\/en\\\/#website\",\"url\":\"https:\\\/\\\/transitionquebec.org\\\/en\\\/\",\"name\":\"Transiti\u00f4n\",\"description\":\"\",\"potentialAction\":[{\"@type\":\"SearchAction\",\"target\":{\"@type\":\"EntryPoint\",\"urlTemplate\":\"https:\\\/\\\/transitionquebec.org\\\/en\\\/?s={search_term_string}\"},\"query-input\":{\"@type\":\"PropertyValueSpecification\",\"valueRequired\":true,\"valueName\":\"search_term_string\"}}],\"inLanguage\":\"en-CA\"}]}<\/script>\n<!-- \/ Yoast SEO plugin. -->","yoast_head_json":{"title":"Gabriele - Transiti\u00f4n","robots":{"index":"index","follow":"follow","max-snippet":"max-snippet:-1","max-image-preview":"max-image-preview:large","max-video-preview":"max-video-preview:-1"},"canonical":"https:\/\/transitionquebec.org\/en\/about\/gabriele-2\/","og_locale":"en_US","og_type":"article","og_title":"Gabriele - Transiti\u00f4n","og_description":"Femme dans la vingraine souriante, avec chemise noire devant l'arri\u00e8re plan de Transition","og_url":"https:\/\/transitionquebec.org\/en\/about\/gabriele-2\/","og_site_name":"Transiti\u00f4n","article_modified_time":"2025-08-13T01:48:47+00:00","og_image":[{"width":1545,"height":2000,"url":"https:\/\/transitionquebec.org\/wp-content\/uploads\/2025\/07\/Gabriele.jpg","type":"image\/jpeg"}],"twitter_card":"summary_large_image","schema":{"@context":"https:\/\/schema.org","@graph":[{"@type":"WebPage","@id":"https:\/\/transitionquebec.org\/en\/about\/gabriele-2\/","url":"https:\/\/transitionquebec.org\/en\/about\/gabriele-2\/","name":"Gabriele - Transiti\u00f4n","isPartOf":{"@id":"https:\/\/transitionquebec.org\/en\/#website"},"datePublished":"2025-07-10T17:01:03+00:00","dateModified":"2025-08-13T01:48:47+00:00","breadcrumb":{"@id":"https:\/\/transitionquebec.org\/en\/about\/gabriele-2\/#breadcrumb"},"inLanguage":"en-CA","potentialAction":[{"@type":"ReadAction","target":["https:\/\/transitionquebec.org\/en\/about\/gabriele-2\/"]}]},{"@type":"BreadcrumbList","@id":"https:\/\/transitionquebec.org\/en\/about\/gabriele-2\/#breadcrumb","itemListElement":[{"@type":"ListItem","position":1,"name":"Home","item":"https:\/\/transitionquebec.org\/en\/"},{"@type":"ListItem","position":2,"name":"About","item":"https:\/\/transitionquebec.org\/en\/about\/"},{"@type":"ListItem","position":3,"name":"Gabriele"}]},{"@type":"WebSite","@id":"https:\/\/transitionquebec.org\/en\/#website","url":"https:\/\/transitionquebec.org\/en\/","name":"Transiti\u00f4n","description":"","potentialAction":[{"@type":"SearchAction","target":{"@type":"EntryPoint","urlTemplate":"https:\/\/transitionquebec.org\/en\/?s={search_term_string}"},"query-input":{"@type":"PropertyValueSpecification","valueRequired":true,"valueName":"search_term_string"}}],"inLanguage":"en-CA"}]}},"description":{"rendered":"<p class=\"attachment\"><a href='https:\/\/transitionquebec.org\/wp-content\/uploads\/2025\/07\/Gabriele.jpg'><img loading=\"lazy\" decoding=\"async\" width=\"232\" height=\"300\" src=\"https:\/\/transitionquebec.org\/wp-content\/uploads\/2025\/07\/Gabriele-232x300.jpg\" class=\"attachment-medium size-medium\" alt=\"Gabriele Maurice, secr\u00e9taire du CA de transition qu\u00e9bec\" srcset=\"https:\/\/transitionquebec.org\/wp-content\/uploads\/2025\/07\/Gabriele-232x300.jpg 232w, https:\/\/transitionquebec.org\/wp-content\/uploads\/2025\/07\/Gabriele-791x1024.jpg 791w, https:\/\/transitionquebec.org\/wp-content\/uploads\/2025\/07\/Gabriele-768x994.jpg 768w, https:\/\/transitionquebec.org\/wp-content\/uploads\/2025\/07\/Gabriele-1187x1536.jpg 1187w, https:\/\/transitionquebec.org\/wp-content\/uploads\/2025\/07\/Gabriele.jpg 1545w\" sizes=\"auto, (max-width: 232px) 100vw, 232px\" \/><\/a><\/p>\n<p>pr\u00e9sentation de Gabriele, secr\u00e9taire du CA de Transiti\u00f4n Qu\u00e9bec<\/p>\n"},"caption":{"rendered":"<p>Femme dans la vingraine souriante, avec chemise noire devant l&#8217;arri\u00e8re plan de Transition <\/p>\n"},"alt_text":"Gabriele Maurice, secr\u00e9taire du CA de transition qu\u00e9bec","media_type":"image","mime_type":"image\/jpeg","media_details":{"width":1545,"height":2000,"file":"2025\/07\/Gabriele.jpg","filesize":254785,"sizes":{"medium":{"file":"Gabriele-232x300.jpg","width":232,"height":300,"filesize":11917,"mime_type":"image\/jpeg","source_url":"https:\/\/transitionquebec.org\/wp-content\/uploads\/2025\/07\/Gabriele-232x300.jpg"},"large":{"file":"Gabriele-791x1024.jpg","width":791,"height":1024,"filesize":83924,"mime_type":"image\/jpeg","source_url":"https:\/\/transitionquebec.org\/wp-content\/uploads\/2025\/07\/Gabriele-791x1024.jpg"},"thumbnail":{"file":"Gabriele-150x150.jpg","width":150,"height":150,"filesize":5572,"mime_type":"image\/jpeg","source_url":"https:\/\/transitionquebec.org\/wp-content\/uploads\/2025\/07\/Gabriele-150x150.jpg"},"medium_large":{"file":"Gabriele-768x994.jpg","width":768,"height":994,"filesize":80267,"mime_type":"image\/jpeg","source_url":"https:\/\/transitionquebec.org\/wp-content\/uploads\/2025\/07\/Gabriele-768x994.jpg"},"1536x1536":{"file":"Gabriele-1187x1536.jpg","width":1187,"height":1536,"filesize":163207,"mime_type":"image\/jpeg","source_url":"https:\/\/transitionquebec.org\/wp-content\/uploads\/2025\/07\/Gabriele-1187x1536.jpg"},"full":{"file":"Gabriele.jpg","width":1545,"height":2000,"mime_type":"image\/jpeg","source_url":"https:\/\/transitionquebec.org\/wp-content\/uploads\/2025\/07\/Gabriele.jpg"}},"image_meta":{"aperture":"0","credit":"","camera":"","caption":"","created_timestamp":"0","copyright":"","focal_length":"0","iso":"0","shutter_speed":"0","title":"","orientation":"1","keywords":[]}},"post":2905,"source_url":"https:\/\/transitionquebec.org\/wp-content\/uploads\/2025\/07\/Gabriele.jpg","_links":{"self":[{"href":"https:\/\/transitionquebec.org\/en\/wp-json\/wp\/v2\/media\/3099","targetHints":{"allow":["GET"]}}],"collection":[{"href":"https:\/\/transitionquebec.org\/en\/wp-json\/wp\/v2\/media"}],"about":[{"href":"https:\/\/transitionquebec.org\/en\/wp-json\/wp\/v2\/types\/attachment"}],"author":[{"embeddable":true,"href":"https:\/\/transitionquebec.org\/en\/wp-json\/wp\/v2\/users\/3"}],"replies":[{"embeddable":true,"href":"https:\/\/transitionquebec.org\/en\/wp-json\/wp\/v2\/comments?post=3099"}],"wp:attached-to":[{"embeddable":true,"post_type":"page","id":2905,"href":"https:\/\/transitionquebec.org\/en\/wp-json\/wp\/v2\/pages\/2905"}],"curies":[{"name":"wp","href":"https:\/\/api.w.org\/{rel}","templated":true}]}}

<!-- This site is optimized with the Yoast SEO plugin v27.5 - https://yoast.com/product/yoast-seo-wordpress/ -->
<title>Gabriele - Transitiôn</title>
<meta name="robots" content="index, follow, max-snippet:-1, max-image-preview:large, max-video-preview:-1" />
<link rel="canonical" href="https://transitionquebec.org/en/about/gabriele-2/" />
<meta property="og:locale" content="en_US" />
<meta property="og:type" content="article" />
<meta property="og:title" content="Gabriele - Transitiôn" />
<meta property="og:description" content="Femme dans la vingraine souriante, avec chemise noire devant l&#039;arrière plan de Transition" />
<meta property="og:url" content="https://transitionquebec.org/en/about/gabriele-2/" />
<meta property="og:site_name" content="Transitiôn" />
<meta property="article:modified_time" content="2025-08-13T01:48:47+00:00" />
<meta property="og:image" content="https://transitionquebec.org/wp-content/uploads/2025/07/Gabriele.jpg" />
	<meta property="og:image:width" content="1545" />
	<meta property="og:image:height" content="2000" />
	<meta property="og:image:type" content="image/jpeg" />
<meta name="twitter:card" content="summary_large_image" />
<script type="application/ld+json" class="yoast-schema-graph">{"@context":"https:\/\/schema.org","@graph":[{"@type":"WebPage","@id":"https:\/\/transitionquebec.org\/en\/about\/gabriele-2\/","url":"https:\/\/transitionquebec.org\/en\/about\/gabriele-2\/","name":"Gabriele - Transitiôn","isPartOf":{"@id":"https:\/\/transitionquebec.org\/en\/#website"},"datePublished":"2025-07-10T17:01:03+00:00","dateModified":"2025-08-13T01:48:47+00:00","breadcrumb":{"@id":"https:\/\/transitionquebec.org\/en\/about\/gabriele-2\/#breadcrumb"},"inLanguage":"en-CA","potentialAction":[{"@type":"ReadAction","target":["https:\/\/transitionquebec.org\/en\/about\/gabriele-2\/"]}]},{"@type":"BreadcrumbList","@id":"https:\/\/transitionquebec.org\/en\/about\/gabriele-2\/#breadcrumb","itemListElement":[{"@type":"ListItem","position":1,"name":"Home","item":"https:\/\/transitionquebec.org\/en\/"},{"@type":"ListItem","position":2,"name":"About","item":"https:\/\/transitionquebec.org\/en\/about\/"},{"@type":"ListItem","position":3,"name":"Gabriele"}]},{"@type":"WebSite","@id":"https:\/\/transitionquebec.org\/en\/#website","url":"https:\/\/transitionquebec.org\/en\/","name":"Transitiôn","description":"","potentialAction":[{"@type":"SearchAction","target":{"@type":"EntryPoint","urlTemplate":"https:\/\/transitionquebec.org\/en\/?s={search_term_string}"},"query-input":{"@type":"PropertyValueSpecification","valueRequired":true,"valueName":"search_term_string"}}],"inLanguage":"en-CA"}]}</script>
<!-- / Yoast SEO plugin. -->

Gabriele - Transitiôn

Femme dans la vingraine souriante, avec chemise noire devant l'arrière plan de Transition

Transitiôn

<p class="attachment"><a href='https://transitionquebec.org/wp-content/uploads/2025/07/Gabriele.jpg'><img loading="lazy" decoding="async" width="232" height="300" src="https://transitionquebec.org/wp-content/uploads/2025/07/Gabriele-232x300.jpg" class="attachment-medium size-medium" alt="Gabriele Maurice, secrétaire du CA de transition québec" srcset="https://transitionquebec.org/wp-content/uploads/2025/07/Gabriele-232x300.jpg 232w, https://transitionquebec.org/wp-content/uploads/2025/07/Gabriele-791x1024.jpg 791w, https://transitionquebec.org/wp-content/uploads/2025/07/Gabriele-768x994.jpg 768w, https://transitionquebec.org/wp-content/uploads/2025/07/Gabriele-1187x1536.jpg 1187w, https://transitionquebec.org/wp-content/uploads/2025/07/Gabriele.jpg 1545w" sizes="auto, (max-width: 232px) 100vw, 232px" /></a></p>
<p>présentation de Gabriele, secrétaire du CA de Transitiôn Québec</p>

<p>Femme dans la vingraine souriante, avec chemise noire devant l&#8217;arrière plan de Transition </p>

Gabriele Maurice, secrétaire du CA de transition québec
