{"id":3052,"date":"2025-06-20T11:11:56","date_gmt":"2025-06-20T15:11:56","guid":{"rendered":"https:\/\/transitionquebec.org\/wp-content\/uploads\/2025\/06\/Amenagement-paysager.jpg"},"modified":"2025-07-31T21:38:04","modified_gmt":"2025-08-01T01:38:04","slug":"amenagement-paysager-2","status":"inherit","type":"attachment","link":"https:\/\/transitionquebec.org\/en\/about\/amenagement-paysager-2\/","title":{"rendered":"Am\u00e9nagement paysager"},"author":3,"featured_media":0,"comment_status":"closed","ping_status":"closed","template":"","meta":{"_acf_changed":false},"class_list":["post-3052","attachment","type-attachment","status-inherit","hentry"],"acf":[],"yoast_head":"<!-- This site is optimized with the Yoast SEO plugin v27.5 - https:\/\/yoast.com\/product\/yoast-seo-wordpress\/ -->\n<title>Am\u00e9nagement paysager - Transiti\u00f4n<\/title>\n<meta name=\"robots\" content=\"index, follow, max-snippet:-1, max-image-preview:large, max-video-preview:-1\" \/>\n<link rel=\"canonical\" href=\"https:\/\/transitionquebec.org\/en\/about\/amenagement-paysager-2\/\" \/>\n<meta property=\"og:locale\" content=\"en_US\" \/>\n<meta property=\"og:type\" content=\"article\" \/>\n<meta property=\"og:title\" content=\"Am\u00e9nagement paysager - Transiti\u00f4n\" \/>\n<meta property=\"og:description\" content=\"am\u00e9nagement paysager du Village\" \/>\n<meta property=\"og:url\" content=\"https:\/\/transitionquebec.org\/en\/about\/amenagement-paysager-2\/\" \/>\n<meta property=\"og:site_name\" content=\"Transiti\u00f4n\" \/>\n<meta property=\"article:modified_time\" content=\"2025-08-01T01:38:04+00:00\" \/>\n<meta property=\"og:image\" content=\"https:\/\/transitionquebec.org\/wp-content\/uploads\/2025\/06\/Amenagement-paysager.jpg\" \/>\n\t<meta property=\"og:image:width\" content=\"768\" \/>\n\t<meta property=\"og:image:height\" content=\"1024\" \/>\n\t<meta property=\"og:image:type\" content=\"image\/jpeg\" \/>\n<meta name=\"twitter:card\" content=\"summary_large_image\" \/>\n<script type=\"application\/ld+json\" class=\"yoast-schema-graph\">{\"@context\":\"https:\\\/\\\/schema.org\",\"@graph\":[{\"@type\":\"WebPage\",\"@id\":\"https:\\\/\\\/transitionquebec.org\\\/en\\\/about\\\/amenagement-paysager-2\\\/\",\"url\":\"https:\\\/\\\/transitionquebec.org\\\/en\\\/about\\\/amenagement-paysager-2\\\/\",\"name\":\"Am\u00e9nagement paysager - Transiti\u00f4n\",\"isPartOf\":{\"@id\":\"https:\\\/\\\/transitionquebec.org\\\/en\\\/#website\"},\"datePublished\":\"2025-06-20T15:11:56+00:00\",\"dateModified\":\"2025-08-01T01:38:04+00:00\",\"breadcrumb\":{\"@id\":\"https:\\\/\\\/transitionquebec.org\\\/en\\\/about\\\/amenagement-paysager-2\\\/#breadcrumb\"},\"inLanguage\":\"en-CA\",\"potentialAction\":[{\"@type\":\"ReadAction\",\"target\":[\"https:\\\/\\\/transitionquebec.org\\\/en\\\/about\\\/amenagement-paysager-2\\\/\"]}]},{\"@type\":\"BreadcrumbList\",\"@id\":\"https:\\\/\\\/transitionquebec.org\\\/en\\\/about\\\/amenagement-paysager-2\\\/#breadcrumb\",\"itemListElement\":[{\"@type\":\"ListItem\",\"position\":1,\"name\":\"Home\",\"item\":\"https:\\\/\\\/transitionquebec.org\\\/en\\\/\"},{\"@type\":\"ListItem\",\"position\":2,\"name\":\"About\",\"item\":\"https:\\\/\\\/transitionquebec.org\\\/en\\\/about\\\/\"},{\"@type\":\"ListItem\",\"position\":3,\"name\":\"Am\u00e9nagement paysager\"}]},{\"@type\":\"WebSite\",\"@id\":\"https:\\\/\\\/transitionquebec.org\\\/en\\\/#website\",\"url\":\"https:\\\/\\\/transitionquebec.org\\\/en\\\/\",\"name\":\"Transiti\u00f4n\",\"description\":\"\",\"potentialAction\":[{\"@type\":\"SearchAction\",\"target\":{\"@type\":\"EntryPoint\",\"urlTemplate\":\"https:\\\/\\\/transitionquebec.org\\\/en\\\/?s={search_term_string}\"},\"query-input\":{\"@type\":\"PropertyValueSpecification\",\"valueRequired\":true,\"valueName\":\"search_term_string\"}}],\"inLanguage\":\"en-CA\"}]}<\/script>\n<!-- \/ Yoast SEO plugin. -->","yoast_head_json":{"title":"Am\u00e9nagement paysager - Transiti\u00f4n","robots":{"index":"index","follow":"follow","max-snippet":"max-snippet:-1","max-image-preview":"max-image-preview:large","max-video-preview":"max-video-preview:-1"},"canonical":"https:\/\/transitionquebec.org\/en\/about\/amenagement-paysager-2\/","og_locale":"en_US","og_type":"article","og_title":"Am\u00e9nagement paysager - Transiti\u00f4n","og_description":"am\u00e9nagement paysager du Village","og_url":"https:\/\/transitionquebec.org\/en\/about\/amenagement-paysager-2\/","og_site_name":"Transiti\u00f4n","article_modified_time":"2025-08-01T01:38:04+00:00","og_image":[{"width":768,"height":1024,"url":"https:\/\/transitionquebec.org\/wp-content\/uploads\/2025\/06\/Amenagement-paysager.jpg","type":"image\/jpeg"}],"twitter_card":"summary_large_image","schema":{"@context":"https:\/\/schema.org","@graph":[{"@type":"WebPage","@id":"https:\/\/transitionquebec.org\/en\/about\/amenagement-paysager-2\/","url":"https:\/\/transitionquebec.org\/en\/about\/amenagement-paysager-2\/","name":"Am\u00e9nagement paysager - Transiti\u00f4n","isPartOf":{"@id":"https:\/\/transitionquebec.org\/en\/#website"},"datePublished":"2025-06-20T15:11:56+00:00","dateModified":"2025-08-01T01:38:04+00:00","breadcrumb":{"@id":"https:\/\/transitionquebec.org\/en\/about\/amenagement-paysager-2\/#breadcrumb"},"inLanguage":"en-CA","potentialAction":[{"@type":"ReadAction","target":["https:\/\/transitionquebec.org\/en\/about\/amenagement-paysager-2\/"]}]},{"@type":"BreadcrumbList","@id":"https:\/\/transitionquebec.org\/en\/about\/amenagement-paysager-2\/#breadcrumb","itemListElement":[{"@type":"ListItem","position":1,"name":"Home","item":"https:\/\/transitionquebec.org\/en\/"},{"@type":"ListItem","position":2,"name":"About","item":"https:\/\/transitionquebec.org\/en\/about\/"},{"@type":"ListItem","position":3,"name":"Am\u00e9nagement paysager"}]},{"@type":"WebSite","@id":"https:\/\/transitionquebec.org\/en\/#website","url":"https:\/\/transitionquebec.org\/en\/","name":"Transiti\u00f4n","description":"","potentialAction":[{"@type":"SearchAction","target":{"@type":"EntryPoint","urlTemplate":"https:\/\/transitionquebec.org\/en\/?s={search_term_string}"},"query-input":{"@type":"PropertyValueSpecification","valueRequired":true,"valueName":"search_term_string"}}],"inLanguage":"en-CA"}]}},"description":{"rendered":"<p class=\"attachment\"><a href='https:\/\/transitionquebec.org\/wp-content\/uploads\/2025\/06\/Amenagement-paysager.jpg'><img loading=\"lazy\" decoding=\"async\" width=\"225\" height=\"300\" src=\"https:\/\/transitionquebec.org\/wp-content\/uploads\/2025\/06\/Amenagement-paysager-225x300.jpg\" class=\"attachment-medium size-medium\" alt=\"verdissement du terrain du Village Transiti\u00f4n\" srcset=\"https:\/\/transitionquebec.org\/wp-content\/uploads\/2025\/06\/Amenagement-paysager-225x300.jpg 225w, https:\/\/transitionquebec.org\/wp-content\/uploads\/2025\/06\/Amenagement-paysager.jpg 768w\" sizes=\"auto, (max-width: 225px) 100vw, 225px\" \/><\/a><\/p>\n<p>les employ\u00e9s d&#8217;un de nos partenaires plantent arbres et tourbe, pour un effet des plus verts!<\/p>\n"},"caption":{"rendered":"<p>am\u00e9nagement paysager du Village<\/p>\n"},"alt_text":"verdissement du terrain du Village Transiti\u00f4n","media_type":"image","mime_type":"image\/jpeg","media_details":{"width":768,"height":1024,"file":"2025\/06\/Amenagement-paysager.jpg","filesize":167812,"sizes":{"medium":{"file":"Amenagement-paysager-225x300.jpg","width":225,"height":300,"filesize":19905,"mime_type":"image\/jpeg","source_url":"https:\/\/transitionquebec.org\/wp-content\/uploads\/2025\/06\/Amenagement-paysager-225x300.jpg"},"thumbnail":{"file":"Amenagement-paysager-150x150.jpg","width":150,"height":150,"filesize":7846,"mime_type":"image\/jpeg","source_url":"https:\/\/transitionquebec.org\/wp-content\/uploads\/2025\/06\/Amenagement-paysager-150x150.jpg"},"full":{"file":"Amenagement-paysager.jpg","width":768,"height":1024,"mime_type":"image\/jpeg","source_url":"https:\/\/transitionquebec.org\/wp-content\/uploads\/2025\/06\/Amenagement-paysager.jpg"}},"image_meta":{"aperture":"0","credit":"","camera":"","caption":"","created_timestamp":"0","copyright":"","focal_length":"0","iso":"0","shutter_speed":"0","title":"","orientation":"0","keywords":[]}},"post":2905,"source_url":"https:\/\/transitionquebec.org\/wp-content\/uploads\/2025\/06\/Amenagement-paysager.jpg","_links":{"self":[{"href":"https:\/\/transitionquebec.org\/en\/wp-json\/wp\/v2\/media\/3052","targetHints":{"allow":["GET"]}}],"collection":[{"href":"https:\/\/transitionquebec.org\/en\/wp-json\/wp\/v2\/media"}],"about":[{"href":"https:\/\/transitionquebec.org\/en\/wp-json\/wp\/v2\/types\/attachment"}],"author":[{"embeddable":true,"href":"https:\/\/transitionquebec.org\/en\/wp-json\/wp\/v2\/users\/3"}],"replies":[{"embeddable":true,"href":"https:\/\/transitionquebec.org\/en\/wp-json\/wp\/v2\/comments?post=3052"}],"wp:attached-to":[{"embeddable":true,"post_type":"page","id":2905,"href":"https:\/\/transitionquebec.org\/en\/wp-json\/wp\/v2\/pages\/2905"}],"curies":[{"name":"wp","href":"https:\/\/api.w.org\/{rel}","templated":true}]}}

Aménagement paysager

<!-- This site is optimized with the Yoast SEO plugin v27.5 - https://yoast.com/product/yoast-seo-wordpress/ -->
<title>Aménagement paysager - Transitiôn</title>
<meta name="robots" content="index, follow, max-snippet:-1, max-image-preview:large, max-video-preview:-1" />
<link rel="canonical" href="https://transitionquebec.org/en/about/amenagement-paysager-2/" />
<meta property="og:locale" content="en_US" />
<meta property="og:type" content="article" />
<meta property="og:title" content="Aménagement paysager - Transitiôn" />
<meta property="og:description" content="aménagement paysager du Village" />
<meta property="og:url" content="https://transitionquebec.org/en/about/amenagement-paysager-2/" />
<meta property="og:site_name" content="Transitiôn" />
<meta property="article:modified_time" content="2025-08-01T01:38:04+00:00" />
<meta property="og:image" content="https://transitionquebec.org/wp-content/uploads/2025/06/Amenagement-paysager.jpg" />
	<meta property="og:image:width" content="768" />
	<meta property="og:image:height" content="1024" />
	<meta property="og:image:type" content="image/jpeg" />
<meta name="twitter:card" content="summary_large_image" />
<script type="application/ld+json" class="yoast-schema-graph">{"@context":"https:\/\/schema.org","@graph":[{"@type":"WebPage","@id":"https:\/\/transitionquebec.org\/en\/about\/amenagement-paysager-2\/","url":"https:\/\/transitionquebec.org\/en\/about\/amenagement-paysager-2\/","name":"Aménagement paysager - Transitiôn","isPartOf":{"@id":"https:\/\/transitionquebec.org\/en\/#website"},"datePublished":"2025-06-20T15:11:56+00:00","dateModified":"2025-08-01T01:38:04+00:00","breadcrumb":{"@id":"https:\/\/transitionquebec.org\/en\/about\/amenagement-paysager-2\/#breadcrumb"},"inLanguage":"en-CA","potentialAction":[{"@type":"ReadAction","target":["https:\/\/transitionquebec.org\/en\/about\/amenagement-paysager-2\/"]}]},{"@type":"BreadcrumbList","@id":"https:\/\/transitionquebec.org\/en\/about\/amenagement-paysager-2\/#breadcrumb","itemListElement":[{"@type":"ListItem","position":1,"name":"Home","item":"https:\/\/transitionquebec.org\/en\/"},{"@type":"ListItem","position":2,"name":"About","item":"https:\/\/transitionquebec.org\/en\/about\/"},{"@type":"ListItem","position":3,"name":"Aménagement paysager"}]},{"@type":"WebSite","@id":"https:\/\/transitionquebec.org\/en\/#website","url":"https:\/\/transitionquebec.org\/en\/","name":"Transitiôn","description":"","potentialAction":[{"@type":"SearchAction","target":{"@type":"EntryPoint","urlTemplate":"https:\/\/transitionquebec.org\/en\/?s={search_term_string}"},"query-input":{"@type":"PropertyValueSpecification","valueRequired":true,"valueName":"search_term_string"}}],"inLanguage":"en-CA"}]}</script>
<!-- / Yoast SEO plugin. -->

Aménagement paysager - Transitiôn

aménagement paysager du Village

Transitiôn

<p class="attachment"><a href='https://transitionquebec.org/wp-content/uploads/2025/06/Amenagement-paysager.jpg'><img loading="lazy" decoding="async" width="225" height="300" src="https://transitionquebec.org/wp-content/uploads/2025/06/Amenagement-paysager-225x300.jpg" class="attachment-medium size-medium" alt="verdissement du terrain du Village Transitiôn" srcset="https://transitionquebec.org/wp-content/uploads/2025/06/Amenagement-paysager-225x300.jpg 225w, https://transitionquebec.org/wp-content/uploads/2025/06/Amenagement-paysager.jpg 768w" sizes="auto, (max-width: 225px) 100vw, 225px" /></a></p>
<p>les employés d&#8217;un de nos partenaires plantent arbres et tourbe, pour un effet des plus verts!</p>

<p>aménagement paysager du Village</p>

verdissement du terrain du Village Transitiôn
