{"id":2981,"date":"2025-02-19T15:42:02","date_gmt":"2025-02-19T20:42:02","guid":{"rendered":"https:\/\/transitionquebec.org\/wp-content\/uploads\/2025\/02\/Sebastien-Vallee.jpg"},"modified":"2025-02-19T15:42:02","modified_gmt":"2025-02-19T20:42:02","slug":"sebastien-vallee-2-2","status":"inherit","type":"attachment","link":"https:\/\/transitionquebec.org\/en\/about\/sebastien-vallee-2-2\/","title":{"rendered":"S\u00e9bastien Vall\u00e9e"},"author":3,"featured_media":0,"comment_status":"closed","ping_status":"closed","template":"","meta":{"_acf_changed":false},"class_list":["post-2981","attachment","type-attachment","status-inherit","hentry"],"acf":[],"yoast_head":"<!-- This site is optimized with the Yoast SEO plugin v27.5 - https:\/\/yoast.com\/product\/yoast-seo-wordpress\/ -->\n<title>S\u00e9bastien Vall\u00e9e - Transiti\u00f4n<\/title>\n<meta name=\"robots\" content=\"index, follow, max-snippet:-1, max-image-preview:large, max-video-preview:-1\" \/>\n<link rel=\"canonical\" href=\"https:\/\/transitionquebec.org\/en\/about\/sebastien-vallee-2-2\/\" \/>\n<meta property=\"og:locale\" content=\"en_US\" \/>\n<meta property=\"og:type\" content=\"article\" \/>\n<meta property=\"og:title\" content=\"S\u00e9bastien Vall\u00e9e - Transiti\u00f4n\" \/>\n<meta property=\"og:url\" content=\"https:\/\/transitionquebec.org\/en\/about\/sebastien-vallee-2-2\/\" \/>\n<meta property=\"og:site_name\" content=\"Transiti\u00f4n\" \/>\n<meta property=\"og:image\" content=\"https:\/\/transitionquebec.org\/wp-content\/uploads\/2025\/02\/Sebastien-Vallee.jpg\" \/>\n\t<meta property=\"og:image:width\" content=\"1545\" \/>\n\t<meta property=\"og:image:height\" content=\"2000\" \/>\n\t<meta property=\"og:image:type\" content=\"image\/jpeg\" \/>\n<meta name=\"twitter:card\" content=\"summary_large_image\" \/>\n<script type=\"application\/ld+json\" class=\"yoast-schema-graph\">{\"@context\":\"https:\\\/\\\/schema.org\",\"@graph\":[{\"@type\":\"WebPage\",\"@id\":\"https:\\\/\\\/transitionquebec.org\\\/en\\\/about\\\/sebastien-vallee-2-2\\\/\",\"url\":\"https:\\\/\\\/transitionquebec.org\\\/en\\\/about\\\/sebastien-vallee-2-2\\\/\",\"name\":\"S\u00e9bastien Vall\u00e9e - Transiti\u00f4n\",\"isPartOf\":{\"@id\":\"https:\\\/\\\/transitionquebec.org\\\/en\\\/#website\"},\"datePublished\":\"2025-02-19T20:42:02+00:00\",\"breadcrumb\":{\"@id\":\"https:\\\/\\\/transitionquebec.org\\\/en\\\/about\\\/sebastien-vallee-2-2\\\/#breadcrumb\"},\"inLanguage\":\"en-CA\",\"potentialAction\":[{\"@type\":\"ReadAction\",\"target\":[\"https:\\\/\\\/transitionquebec.org\\\/en\\\/about\\\/sebastien-vallee-2-2\\\/\"]}]},{\"@type\":\"BreadcrumbList\",\"@id\":\"https:\\\/\\\/transitionquebec.org\\\/en\\\/about\\\/sebastien-vallee-2-2\\\/#breadcrumb\",\"itemListElement\":[{\"@type\":\"ListItem\",\"position\":1,\"name\":\"Home\",\"item\":\"https:\\\/\\\/transitionquebec.org\\\/en\\\/\"},{\"@type\":\"ListItem\",\"position\":2,\"name\":\"About\",\"item\":\"https:\\\/\\\/transitionquebec.org\\\/en\\\/about\\\/\"},{\"@type\":\"ListItem\",\"position\":3,\"name\":\"S\u00e9bastien Vall\u00e9e\"}]},{\"@type\":\"WebSite\",\"@id\":\"https:\\\/\\\/transitionquebec.org\\\/en\\\/#website\",\"url\":\"https:\\\/\\\/transitionquebec.org\\\/en\\\/\",\"name\":\"Transiti\u00f4n\",\"description\":\"\",\"potentialAction\":[{\"@type\":\"SearchAction\",\"target\":{\"@type\":\"EntryPoint\",\"urlTemplate\":\"https:\\\/\\\/transitionquebec.org\\\/en\\\/?s={search_term_string}\"},\"query-input\":{\"@type\":\"PropertyValueSpecification\",\"valueRequired\":true,\"valueName\":\"search_term_string\"}}],\"inLanguage\":\"en-CA\"}]}<\/script>\n<!-- \/ Yoast SEO plugin. -->","yoast_head_json":{"title":"S\u00e9bastien Vall\u00e9e - Transiti\u00f4n","robots":{"index":"index","follow":"follow","max-snippet":"max-snippet:-1","max-image-preview":"max-image-preview:large","max-video-preview":"max-video-preview:-1"},"canonical":"https:\/\/transitionquebec.org\/en\/about\/sebastien-vallee-2-2\/","og_locale":"en_US","og_type":"article","og_title":"S\u00e9bastien Vall\u00e9e - Transiti\u00f4n","og_url":"https:\/\/transitionquebec.org\/en\/about\/sebastien-vallee-2-2\/","og_site_name":"Transiti\u00f4n","og_image":[{"width":1545,"height":2000,"url":"https:\/\/transitionquebec.org\/wp-content\/uploads\/2025\/02\/Sebastien-Vallee.jpg","type":"image\/jpeg"}],"twitter_card":"summary_large_image","schema":{"@context":"https:\/\/schema.org","@graph":[{"@type":"WebPage","@id":"https:\/\/transitionquebec.org\/en\/about\/sebastien-vallee-2-2\/","url":"https:\/\/transitionquebec.org\/en\/about\/sebastien-vallee-2-2\/","name":"S\u00e9bastien Vall\u00e9e - Transiti\u00f4n","isPartOf":{"@id":"https:\/\/transitionquebec.org\/en\/#website"},"datePublished":"2025-02-19T20:42:02+00:00","breadcrumb":{"@id":"https:\/\/transitionquebec.org\/en\/about\/sebastien-vallee-2-2\/#breadcrumb"},"inLanguage":"en-CA","potentialAction":[{"@type":"ReadAction","target":["https:\/\/transitionquebec.org\/en\/about\/sebastien-vallee-2-2\/"]}]},{"@type":"BreadcrumbList","@id":"https:\/\/transitionquebec.org\/en\/about\/sebastien-vallee-2-2\/#breadcrumb","itemListElement":[{"@type":"ListItem","position":1,"name":"Home","item":"https:\/\/transitionquebec.org\/en\/"},{"@type":"ListItem","position":2,"name":"About","item":"https:\/\/transitionquebec.org\/en\/about\/"},{"@type":"ListItem","position":3,"name":"S\u00e9bastien Vall\u00e9e"}]},{"@type":"WebSite","@id":"https:\/\/transitionquebec.org\/en\/#website","url":"https:\/\/transitionquebec.org\/en\/","name":"Transiti\u00f4n","description":"","potentialAction":[{"@type":"SearchAction","target":{"@type":"EntryPoint","urlTemplate":"https:\/\/transitionquebec.org\/en\/?s={search_term_string}"},"query-input":{"@type":"PropertyValueSpecification","valueRequired":true,"valueName":"search_term_string"}}],"inLanguage":"en-CA"}]}},"description":{"rendered":"<p class=\"attachment\"><a href='https:\/\/transitionquebec.org\/wp-content\/uploads\/2025\/02\/Sebastien-Vallee.jpg'><img loading=\"lazy\" decoding=\"async\" width=\"232\" height=\"300\" src=\"https:\/\/transitionquebec.org\/wp-content\/uploads\/2025\/02\/Sebastien-Vallee-232x300.jpg\" class=\"attachment-medium size-medium\" alt=\"\" srcset=\"https:\/\/transitionquebec.org\/wp-content\/uploads\/2025\/02\/Sebastien-Vallee-232x300.jpg 232w, https:\/\/transitionquebec.org\/wp-content\/uploads\/2025\/02\/Sebastien-Vallee-791x1024.jpg 791w, https:\/\/transitionquebec.org\/wp-content\/uploads\/2025\/02\/Sebastien-Vallee-768x994.jpg 768w, https:\/\/transitionquebec.org\/wp-content\/uploads\/2025\/02\/Sebastien-Vallee-1187x1536.jpg 1187w, https:\/\/transitionquebec.org\/wp-content\/uploads\/2025\/02\/Sebastien-Vallee.jpg 1545w\" sizes=\"auto, (max-width: 232px) 100vw, 232px\" \/><\/a><\/p>\n"},"caption":{"rendered":""},"alt_text":"","media_type":"image","mime_type":"image\/jpeg","media_details":{"width":1545,"height":2000,"file":"2025\/02\/Sebastien-Vallee.jpg","filesize":420683,"sizes":{"medium":{"file":"Sebastien-Vallee-232x300.jpg","width":232,"height":300,"filesize":12269,"mime_type":"image\/jpeg","source_url":"https:\/\/transitionquebec.org\/wp-content\/uploads\/2025\/02\/Sebastien-Vallee-232x300.jpg"},"large":{"file":"Sebastien-Vallee-791x1024.jpg","width":791,"height":1024,"filesize":100562,"mime_type":"image\/jpeg","source_url":"https:\/\/transitionquebec.org\/wp-content\/uploads\/2025\/02\/Sebastien-Vallee-791x1024.jpg"},"thumbnail":{"file":"Sebastien-Vallee-150x150.jpg","width":150,"height":150,"filesize":5377,"mime_type":"image\/jpeg","source_url":"https:\/\/transitionquebec.org\/wp-content\/uploads\/2025\/02\/Sebastien-Vallee-150x150.jpg"},"medium_large":{"file":"Sebastien-Vallee-768x994.jpg","width":768,"height":994,"filesize":95325,"mime_type":"image\/jpeg","source_url":"https:\/\/transitionquebec.org\/wp-content\/uploads\/2025\/02\/Sebastien-Vallee-768x994.jpg"},"1536x1536":{"file":"Sebastien-Vallee-1187x1536.jpg","width":1187,"height":1536,"filesize":235666,"mime_type":"image\/jpeg","source_url":"https:\/\/transitionquebec.org\/wp-content\/uploads\/2025\/02\/Sebastien-Vallee-1187x1536.jpg"},"full":{"file":"Sebastien-Vallee.jpg","width":1545,"height":2000,"mime_type":"image\/jpeg","source_url":"https:\/\/transitionquebec.org\/wp-content\/uploads\/2025\/02\/Sebastien-Vallee.jpg"}},"image_meta":{"aperture":"0","credit":"","camera":"","caption":"","created_timestamp":"0","copyright":"","focal_length":"0","iso":"0","shutter_speed":"0","title":"","orientation":"1","keywords":[]}},"post":2905,"source_url":"https:\/\/transitionquebec.org\/wp-content\/uploads\/2025\/02\/Sebastien-Vallee.jpg","_links":{"self":[{"href":"https:\/\/transitionquebec.org\/en\/wp-json\/wp\/v2\/media\/2981","targetHints":{"allow":["GET"]}}],"collection":[{"href":"https:\/\/transitionquebec.org\/en\/wp-json\/wp\/v2\/media"}],"about":[{"href":"https:\/\/transitionquebec.org\/en\/wp-json\/wp\/v2\/types\/attachment"}],"author":[{"embeddable":true,"href":"https:\/\/transitionquebec.org\/en\/wp-json\/wp\/v2\/users\/3"}],"replies":[{"embeddable":true,"href":"https:\/\/transitionquebec.org\/en\/wp-json\/wp\/v2\/comments?post=2981"}],"wp:attached-to":[{"embeddable":true,"post_type":"page","id":2905,"href":"https:\/\/transitionquebec.org\/en\/wp-json\/wp\/v2\/pages\/2905"}],"curies":[{"name":"wp","href":"https:\/\/api.w.org\/{rel}","templated":true}]}}

Sébastien Vallée

<!-- This site is optimized with the Yoast SEO plugin v27.5 - https://yoast.com/product/yoast-seo-wordpress/ -->
<title>Sébastien Vallée - Transitiôn</title>
<meta name="robots" content="index, follow, max-snippet:-1, max-image-preview:large, max-video-preview:-1" />
<link rel="canonical" href="https://transitionquebec.org/en/about/sebastien-vallee-2-2/" />
<meta property="og:locale" content="en_US" />
<meta property="og:type" content="article" />
<meta property="og:title" content="Sébastien Vallée - Transitiôn" />
<meta property="og:url" content="https://transitionquebec.org/en/about/sebastien-vallee-2-2/" />
<meta property="og:site_name" content="Transitiôn" />
<meta property="og:image" content="https://transitionquebec.org/wp-content/uploads/2025/02/Sebastien-Vallee.jpg" />
	<meta property="og:image:width" content="1545" />
	<meta property="og:image:height" content="2000" />
	<meta property="og:image:type" content="image/jpeg" />
<meta name="twitter:card" content="summary_large_image" />
<script type="application/ld+json" class="yoast-schema-graph">{"@context":"https:\/\/schema.org","@graph":[{"@type":"WebPage","@id":"https:\/\/transitionquebec.org\/en\/about\/sebastien-vallee-2-2\/","url":"https:\/\/transitionquebec.org\/en\/about\/sebastien-vallee-2-2\/","name":"Sébastien Vallée - Transitiôn","isPartOf":{"@id":"https:\/\/transitionquebec.org\/en\/#website"},"datePublished":"2025-02-19T20:42:02+00:00","breadcrumb":{"@id":"https:\/\/transitionquebec.org\/en\/about\/sebastien-vallee-2-2\/#breadcrumb"},"inLanguage":"en-CA","potentialAction":[{"@type":"ReadAction","target":["https:\/\/transitionquebec.org\/en\/about\/sebastien-vallee-2-2\/"]}]},{"@type":"BreadcrumbList","@id":"https:\/\/transitionquebec.org\/en\/about\/sebastien-vallee-2-2\/#breadcrumb","itemListElement":[{"@type":"ListItem","position":1,"name":"Home","item":"https:\/\/transitionquebec.org\/en\/"},{"@type":"ListItem","position":2,"name":"About","item":"https:\/\/transitionquebec.org\/en\/about\/"},{"@type":"ListItem","position":3,"name":"Sébastien Vallée"}]},{"@type":"WebSite","@id":"https:\/\/transitionquebec.org\/en\/#website","url":"https:\/\/transitionquebec.org\/en\/","name":"Transitiôn","description":"","potentialAction":[{"@type":"SearchAction","target":{"@type":"EntryPoint","urlTemplate":"https:\/\/transitionquebec.org\/en\/?s={search_term_string}"},"query-input":{"@type":"PropertyValueSpecification","valueRequired":true,"valueName":"search_term_string"}}],"inLanguage":"en-CA"}]}</script>
<!-- / Yoast SEO plugin. -->

Sébastien Vallée - Transitiôn

Transitiôn
